**2 - 101*v + 4. Give q(-17).
-13
Let a(v) = v**3 - 7*v**2 - 14*v - 9. Give a(8).
-57
Let t(j) = -38*j - 1. What is t(2)?
-77
Let o(t) = -t**3 + t**2 + 7*t - 11. What is o(6)?
-149
Let l(t) = t**3 - 10*t**2 - 11*t - 5. Calculate l(11).
-5
Let w(l) = -l**2 - 12*l - 1. What is w(-9)?
26
Let q(a) = 126*a - 266. What is q(2)?
-14
Let u(p) = p**2 + 17*p + 10. What is u(-16)?
-6
Let i(x) = -214*x - 1072. Give i(-5).
-2
Let k(y) = y**3 + 6*y**2 - 10*y - 25. Calculate k(-7).
-4
Let z(r) = 3*r + 30. Determine z(-13).
-9
Let g(r) = -r**3 - 14*r**2 - 5. Give g(-14).
-5
Let r(y) = 4*y - 13. Calculate r(3).
-1
Let t(w) = -2*w + 37. Determine t(9).
19
Let n(m) = -5*m**2 - 9*m - 3. Determine n(0).
-3
Let n(u) = -u + 31. Calculate n(13).
18
Let p(y) = 7*y - 20. What is p(6)?
22
Let o(k) = k**3 - 7*k**2 - 8*k - 2. What is o(8)?
-2
Let d(f) = f**3 + 12*f**2 - 19*f + 19. Calculate d(-14).
-107
Let i(f) = -f**2 - 19*f - 39. Give i(-11).
49
Let f(g) = g**2 - 12*g - 8. Calculate f(12).
-8
Let d(z) = -9*z - 5. Give d(-7).
58
Let q(g) = g - 5. What is q(-8)?
-13
Let u(r) = r**3 + 8*r**2 + 13*r + 3. Determine u(-6).
-3
Let i(o) = -7*o + 5. What is i(-7)?
54
Let j(l) = l**2 + 10*l + 26. Determine j(-11).
37
Let i(v) = -18*v - 5. Calculate i(-1).
13
Let s(a) = -5*a + 22. Give s(6).
-8
Let g(s) = -3*s - 95. What is g(-25)?
-20
Let u(p) = 10*p**2 + p. Determine u(-1).
9
Let r(d) = -d - 9. Calculate r(-12).
3
Let y(h) = -20*h - 147. Give y(-7).
-7
Let q(p) = p**3 - 3*p**2 - p + 7. What is q(0)?
7
Let d(b) = 4*b**2 - 160*b - 21. Give d(40).
-21
Let n(a) = -41*a + 372. Calculate n(9).
3
Let h(v) = 7*v - 165. Calculate h(22).
-11
Let q(b) = -b**2 + 11*b + 13. Give q(10).
23
Let v(y) = -y**3 + 50*y**2 - 93*y - 115. Give v(48).
29
Let c(w) = 4*w + 99. Give c(-21).
15
Let m(s) = 2*s - 5. What is m(4)?
3
Let y(c) = -3*c + 20. Give y(0).
20
Let a(b) = 6*b - 21. Calculate a(0).
-21
Let v(l) = l**2 + l - 4. What is v(-4)?
8
Let h(c) = -c**3 - 12*c**2 - 11*c - 10. Give h(-11).
-10
Let f(o) = o**3 - 15*o**2 - 18*o + 20. Calculate f(16).
-12
Let o(x) = 4*x + 9. Give o(6).
33
Let n(m) = -m**2 + 2. Determine n(2).
-2
Let m(v) = v**3 - 5*v**2 + 4*v - 10. Determine m(5).
10
Let g(a) = a**3 + 10*a**2 - a - 2. Give g(-10).
8
Let o(s) = s**2 + 2*s - 8. Calculate o(3).
7
Let r(v) = -4*v + 10. Determine r(-2).
18
Let u(o) = -15*o**2 - 19*o - 61. Give u(-4).
-225
Let x(h) = -h**3 + 4*h**2 + 8*h + 5. Determine x(7).
-86
Let w(m) = 3*m - 14. Determine w(11).
19
Let f(n) = -4*n**3 - 4*n**2 - 4*n - 3. Calculate f(-2).
21
Let a(r) = 65*r + 64. What is a(-1)?
-1
Let d(z) = -6*z - 29. What is d(-7)?
13
Let o(y) = 10*y - 65. Calculate o(6).
-5
Let n(q) = q - 5. Give n(4).
-1
Let d(c) = c**3 + 7*c**2 + 5*c - 2. Calculate d(-4).
26
Let x(b) = b**2 + 5*b - 33. Calculate x(-9).
3
Let u(a) = -a**3 - 14*a**2 - 10*a + 29. Determine u(-13).
-10
Let m(r) = -r**3 + 28*r**2 + 27*r + 56. Give m(29).
-2
Let j(a) = a**3 + 8*a**2 - 9*a + 1. What is j(-9)?
1
Let b(z) = z**2 - 21*z + 38. Give b(19).
0
Let c(m) = 3*m - 19. Calculate c(18).
35
Let x(b) = -b**3 + b**2 + 2*b - 7. Give x(3).
-19
Let n(r) = -r + 30. Calculate n(-13).
43
Let s(w) = w**3 - 17*w**2 - 15*w - 7. Determine s(18).
47
Let w(q) = -2*q. What is w(11)?
-22
Let f(t) = t - 4. Calculate f(4).
0
Let k(c) = c + 5. Give k(-17).
-12
Let r(y) = y - 10. What is r(0)?
-10
Let w(p) = 30*p - 81. Give w(6).
99
Let p(r) = -r**2 - 9*r - 3. What is p(-9)?
-3
Let l(v) = v**2 - v + 4. Calculate l(8).
60
Let b(o) = -o**3 - 13*o**2 - 10*o + 7. Calculate b(-12).
-17
Let a(v) = -v**3 + 16*v**2 + 3*v - 36. Give a(16).
12
Let j(n) = -n**3 + 14*n**2 + 7. What is j(14)?
7
Let c(v) = v**3 - 9*v**2 - 10*v + 13. Calculate c(10).
13
Let v(b) = 4*b**2 + 32*b - 9. Calculate v(-8).
-9
Let r(l) = -l**2 + 7*l - 15. Calculate r(6).
-9
Let w(p) = -p**3 - 9*p**2 - 17*p - 1. Determine w(-5).
-16
Let c(g) = g**2 + 11*g + 16. What is c(-8)?
-8
Let r(n) = -n**2 + 12*n - 44. Give r(7).
-9
Let l(y) = -y**3 + 10*y**2 + 5*y. What is l(10)?
50
Let y(d) = d**2 - 5*d + 1. What is y(6)?
7
Let s(a) = -4*a - 32. Give s(-9).
4
Let w(x) = -3*x + 11. Give w(8).
-13
Let u(n) = 2*n + 19. Calculate u(0).
19
Let y(m) = m**2 + 81*m + 240. Give y(-3).
6
Let s(q) = 30*q + 67. Give s(-6).
-113
Let x(h) = h**3 + 4*h**2 - 8*h - 7. Calculate x(-5).
8
Let r(f) = -11*f + 2. Calculate r(-2).
24
Let p(r) = -6*r - 88. What is p(-15)?
2
Let t(w) = -3*w**3 - 55*w**2 - 16*w + 20. What is t(-18)?
-16
Let k(x) = 2*x**3 + 13*x**2 + 7*x - 1. Calculate k(-6).
-7
Let m(f) = 2*f**2 + 22*f + 43. Give m(-9).
7
Let c(s) = -2*s**3 + 3*s**2 - 2. Determine c(-2).
26
Let n(a) = -2*a**3 - 2*a**2 - 2*a. Calculate n(-2).
12
Let g(w) = 3*w + 22. What is g(-25)?
-53
Let n(b) = -b + 8. What is n(9)?
-1
Let l(z) = 3*z**3 + 2*z**2 + 2*z. What is l(-1)?
-3
Let s(v) = 13*v + 6. Give s(11).
149
Let r(n) = -n**3 + 35*n**2 - 97*n + 27. Calculate r(32).
-5
Let g(p) = -p**2 - 9*p - 1. Give g(-9).
-1
Let v(l) = l**2 + 9*l - 13. What is v(-11)?
9
Let p(n) = 30*n + 2. Give p(-1).
-28
Let c(p) = 26*p - 5. What is c(1)?
21
Let o(s) = 4*s - 27. Give o(0).
-27
Let d(t) = 2*t**3 + 3*t**2 - 4*t - 4. Calculate d(-2).
0
Let j(r) = 38*r - 18. Give j(1).
20
Let s(h) = -2*h**3 + 2*h**2 + h - 2. Calculate s(1).
-1
Let g(v) = -3*v + 6. Determine g(11).
-27
Let j(v) = -v**2 + 12*v - 13. Calculate j(10).
7
Let i(v) = -v**3 + 8*v + 3. What is i(-3)?
6
Let k(j) = 8*j - 36. Calculate k(12).
60
Let v(t) = 70*t + 241. Give v(-3).
31
Let n(s) = -s**3 - 11*s**2 + 25*s - 31. Determine n(-13).
-18
Let k(q) = 10*q**2 - 3*q. Give k(-1).
13
Let y(r) = -r**3 + 10*r**2 - 10. Calculate y(10).
-10
Let r(h) = -h**2 - 4*h - 1. What is r(-7)?
-22
Let m(w) = -18*w + 1. Calculate m(-2).
37
Let o(x) = -63*x + 3. Determine o(-3).
192
Let q(d) = 3*d**2 + 36*d + 9. Determine q(-12).
9
Let w(a) = -a**2 + 3*a + 6. Give w(0).
6
Let h(j) = -j**3 + 4*j**2 + 6*j - 2. Determine h(5).
3
Let a(m) = 2*m - 69. Calculate a(-16).
-101
Let q(j) = j**3 - 4*j**2 + 2*j + 2. Determine q(3).
-1
Let s(m) = -m**2 - 3*m - 6. Calculate s(5).
-46
Let q(v) = v**2 - 2*v. Give q(-1).
3
Let w(q) = -q**2 - 3*q - 9. Determine w(-7).
-37
Let y(w) = 39*w**2 - 1. Calculate y(-1).
38
Let t(m) = -m**2 - 3*m - 1. Give t(-2).
1
Let d(a) = -a**3 - 3*a**2 + 2*a - 8. Determine d(-4).
0
Let c(i) = -9*i**2 - 30*i - 15. What is c(-3)?
-6
Let k(r) = -4*r**2 + 36*r - 6. Calculate k(9).
-6
Let g(p) = 3*p. Determine g(-2).
-6
Let j(t) = 2*t**2 + 7*t + 2. What is j(-2)?
-4
Let i(x) = x**2 + 3*x - 4. What is i(0)?
-4
Let h(l) = 3*l**2 + 11*l + 7. Determine h(-5).
27
Let r(p) = -7*p + 29. Determine r(5).
-6
Let n(m) = m**3 - 6*m**2 - m + 3. Determine n(5).
-27
Let u(q) = 4*q + 75. Give u(-23).
-17
Let o(g) = -3*g**2 - 17*g + 3. Give o(-7).
-25
Let q(c) = -c**3 + 8*c**2 + 17*c + 5. Give q(8).
141
Let z(m) = 4*m + 1. Calculate z(3).
13
Let o(a) = -82*a - 90. Calculate o(-1).
-8
Let r(g) = -g**3 - 15*g**2 - g - 29. Give r(-15).
-14
Let o(n) = -21*n**2 + 2*n + 1. Give o(-1).
-22
Let v(g) = -g**2 + 14*g + 2. Determine v(14).
2
Let d(k) = 11*k + 9. What is d(0)?
9
Let d(c) = -c**3 - 9*c**2 + 7*c - 34. Give d(-10).
-4
Let y(o) = -13*o + 59. Determine y(4).
7
Let i(w) = -w**2 + 27*w - 17. Calculate i(26).
9
Let x(j) = -j**2 + 3*j + 12. Determine x(7).
-16
Let r(n) = -2*n**3 - 3*n**2 + 8*n + 3. Determine r(2).
-9
Let m(s) = -s**2 + 14*s - 35. What is m(4)?
5
Let x(k) = k**3 + 22*k**2 + 23*k + 47. What is x(-21)?
5
Let h(t) = t**3 + 6*t**2 + t - 1. What is h(-5)?
19
Let w(n) = -16*n + 87. Give w(6).
-9
Let g(y) = -y**3 + 24*y**2 - 20*y - 33. Determine g(23).
36
Let x(q) = q**3 - 12*q**2 - 9*q + 2. Calculate x(13).
54
Let t(l) = -3*l**2 - l - 1. Give t(-2).
-11
Let w(h) = 3*h - 1. Determine w(5).
14
Let i(s) = -14*s - 4. Determine i(-4).
52
Let j(s) = -4*s**3 - 46*s**2 - 23*s - 8. What is j(-11)?
3
Let m(d) = -5*d**2 - 26*d + 7. Give m(-6).
-17
Let w(u) = 9*u - 57. Calculate w(7).
6
Let a(k) = -k**3 - 8*k**2 - 8*k - 4. Calculate a(-7).
3
Let j(c) = 2*c + 8. Determine j(-8).
-8
Let x(p) = -9*p - 21. What is x(6)?
-75
Let w(x) = x**3 + 16*x**2 + 14*x - 10. Calculate w(-15).
5
Let l(g) = g + 18. Give l(-21).
-3
Let h(k) = -k**2 - 7*k - 4. What is h(-5)?
6
Let y(x) = -3*x - 4. Calculate y(-4).
8
Let u(t) = -t**3 - 14*t**2 + t + 9. Give u(-14).
-5
Let x(n)